e remainder when 98 is divided by 11.
10
What is the remainder when 4290 is divided by 38?
34
Calculate the remainder when 231 is divided by 77.
0
Calculate the remainder when 150 is divided by 142.
8
What is the remainder when 505 is divided by 4?
1
Calculate the remainder when 121 is divided by 25.
21
Calculate the remainder when 1611 is divided by 45.
36
Calculate the remainder when 1418 is divided by 14.
4
What is the remainder when 247 is divided by 93?
61
Calculate the remainder when 284 is divided by 104.
76
What is the remainder when 170 is divided by 4?
2
What is the remainder when 1726 is divided by 91?
88
What is the remainder when 101 is divided by 3?
2
Calculate the remainder when 2122 is divided by 20.
2
What is the remainder when 141 is divided by 24?
21
What is the remainder when 98 is divided by 50?
48
What is the remainder when 41 is divided by 33?
8
What is the remainder when 187 is divided by 4?
3
Calculate the remainder when 446 is divided by 41.
36
Calculate the remainder when 656 is divided by 22.
18
Calculate the remainder when 2400 is divided by 593.
28
Calculate the remainder when 594 is divided by 4.
2
Calculate the remainder when 77 is divided by 69.
8
What is the remainder when 3314 is divided by 255?
254
What is the remainder when 4782 is divided by 11?
8
Calculate the remainder when 218 is divided by 210.
8
What is the remainder when 238 is divided by 24?
22
Calculate the remainder when 548 is divided by 69.
65
Calculate the remainder when 22 is divided by 8.
6
Calculate the remainder when 294 is divided by 75.
69
Calculate the remainder when 40 is divided by 15.
10
What is the remainder when 2770 is divided by 915?
25
Calculate the remainder when 120 is divided by 63.
57
What is the remainder when 97 is divided by 23?
5
Calculate the remainder when 20435 is divided by 12.
11
What is the remainder when 113 is divided by 13?
9
What is the remainder when 672 is divided by 671?
1
Calculate the remainder when 206 is divided by 21.
17
Calculate the remainder when 2752 is divided by 9.
7
Calculate the remainder when 12815 is divided by 26.
23
What is the remainder when 291 is divided by 181?
110
Calculate the remainder when 42 is divided by 11.
9
What is the remainder when 17647 is divided by 50?
47
What is the remainder when 132 is divided by 41?
9
What is the remainder when 6101 is divided by 470?
461
What is the remainder when 38 is divided by 16?
6
Calculate the remainder when 157 is divided by 143.
14
What is the remainder when 1949 is divided by 1947?
2
What is the remainder when 162 is divided by 33?
30
What is the remainder when 965 is divided by 315?
20
What is the remainder when 1097 is divided by 357?
26
What is the remainder when 5345 is divided by 81?
80
Calculate the remainder when 147 is divided by 58.
31
What is the remainder when 709 is divided by 129?
64
Calculate the remainder when 1221 is divided by 82.
73
Calculate the remainder when 736 is divided by 16.
0
Calculate the remainder when 5157 is divided by 12.
9
Calculate the remainder when 10897 is divided by 232.
225
What is the remainder when 613 is divided by 41?
39
What is the remainder when 1365 is divided by 57?
54
Calculate the remainder when 14559 is divided by 26.
25
Calculate the remainder when 3313 is divided by 51.
49
What is the remainder when 472 is divided by 121?
109
What is the remainder when 1313 is divided by 20?
13
What is the remainder when 293 is divided by 8?
5
What is the remainder when 196 is divided by 115?
81
What is the remainder when 2108 is divided by 88?
84
Calculate the remainder when 180 is divided by 34.
10
Calculate the remainder when 3650 is divided by 114.
2
What is the remainder when 4088 is divided by 87?
86
Calculate the remainder when 972 is divided by 140.
132
What is the remainder when 121 is divided by 70?
51
What is the remainder when 1099 is divided by 65?
59
Calculate the remainder when 2623 is divided by 520.
23
Calculate the remainder when 120 is divided by 65.
55
Calculate the remainder when 11619 is divided by 39.
36
Calculate the remainder when 536 is divided by 18.
14
What is the remainder when 1013 is divided by 60?
53
What is the remainder when 77 is divided by 36?
5
Calculate the remainder when 984 is divided by 26.
22
Calculate the remainder when 742 is divided by 314.
114
Calculate the remainder when 104 is divided by 63.
41
What is the remainder when 42 is divided by 4?
2
Calculate the remainder when 1027 is divided by 956.
71
What is the remainder when 2425 is divided by 27?
22
What is the remainder when 332 is divided by 42?
38
What is the remainder when 918 is divided by 102?
0
Calculate the remainder when 7640 is divided by 25.
15
Calculate the remainder when 88 is divided by 49.
39
What is the remainder when 495 is divided by 31?
30
What is the remainder when 77 is divided by 26?
25
What is the remainder when 6164 is divided by 2043?
35
Calculate the remainder when 295 is divided by 50.
45
Calculate the remainder when 247 is divided by 199.
48
Calculate the remainder when 405 is divided by 390.
15
Calculate the remainder when 408 is divided by 46.
40
Calculate the remainder when 5677 is divided by 71.
68
What is the remainder when 245 is divided by 212?
33
Calculate the remainder when 265 is divided by 27.
22
What is the remainder when 369 is divided by 194?
175
What is the remainder when 137 is divided by 39?
20
Calculate the remainder when 491 is divided by 55.
51
What is the remainder when 906 is divided by 187?
158
Calculate the remainder when 33 is divided by 6.
3
Calculate the remainder when 9029 is divided by 5.
4
Calculate the remainder when 1431 is divided by 11.
1
Calculate the remainder when 348 is divided by 11.
7
What is the remainder when 48 is divided by 7?
6
Calculate the remainder when 517 is divided by 87.
82
What is the remainder when 144 is divided by 64?
16
Calculate the remainder when 47 is divided by 9.
2
What is the remainder when 968 is divided by 57?
56
What is the remainder when 2865 is divided by 2?
1
What is the remainder when 157 is divided by 42?
31
What is the remainder when 347 is divided by 18?
5
Calculate the remainder when 53 is divided by 11.
9
What is the remainder when 611 is divided by 18?
17
What is the remainder when 117 is divided by 31?
24
What is the remainder when 1955 is divided by 6?
5
Calculate the remainder when 137 is divided by 10.
7
Calculate the remainder when 514 is divided by 24.
10
Calculate the remainder when 84 is divided by 48.
36
Calculate the remainder when 3884 is divided by 58.
56
Calculate the remainder when 578 is divided by 280.
18
What is the remainder when 303 is divided by 157?
146
What is the remainder when 384 is divided by 33?
21
Calculate the remainder when 1160 is divided by 16.
8
Calculate the remainder when 96 is divided by 26.
18
What is the remainder when 68 is divided by 21?
5
Calculate the remainder when 43 is divided by 41.
2
What is the remainder when 22 is divided by 9?
4
What is the remainder when 5560 is divided by 397?
2
What is the remainder when 286 is divided by 5?
1
Calculate the remainder when 1185 is divided by 18.
15
Calculate the remainder when 1466 is divided by 15.
11
What is the remainder when 125 is divided by 20?
5
Calculate the remainder when 3097 is divided by 62.
59
Calculate the remainder when 13484 is divided by 93.
92
Calculate the remainder when 555 is divided by 17.
11
Calculate the remainder when 3141 is divided by 13.
8
Calculate the remainder when 206 is divided by 26.
24
Calculate the remainder when 135 is divided by 11.
3
What is the remainder when 102 is divided by 13?
11
Calculate the remainder when 280 is divided by 47.
45
Calculate the remainder when 333 is divided by 14.
11
Calculate the remainder when 170 is divided by 36.
26
What is the remainder when 253 is divided by 17?
15
What is the remainder when 75 is divided by 19?
18
Calculate the remainder when 85 is divided by 7.
1
Calculate the remainder when 188 is divided by 15.
8
Calculate the remainder when 47 is divided by 11.
3
What is the remainder when 1846 is divided by 7?
5
Calculate the remainder when 18 is divided by 9.
0
Calculate the remainder when 1149 is divided by 32.
29
Calculate the remainder when 92